e greatest common factor of o and 192?
6
Let h(u) = -u**3 - 48*u**2 - 93*u - 40. Let o be h(-46). Calculate the highest common divisor of o and 114.
6
Let n(t) = 18*t - 127. Suppose -3*g + 4*i + 42 = 0, 4*i + 86 = 5*g + 16. Let x be n(g). Calculate the greatest common factor of x and 50.
25
Let i = -174 - -318. Suppose 4*m + 0*d = 5*d - 290, -2*d + i = -2*m. Let c = m - -92. What is the highest common divisor of 2 and c?
2
Let k = -1647 + 2403. Let b = k + -482. Suppose -5*u - 5*c - 59 + b = 0, -3*u - 5*c + 125 = 0. Calculate the greatest common divisor of 18 and u.
9
Let a be ((-18)/5 + -2)/(2/(-110)). Let j(r) = r**3 + 9*r**2 + 7*r - 5. Suppose 3*x - 7 = 4*x. Let z be j(x). What is the greatest common factor of a and z?
44
Suppose -26*v = -32*v + 54. Let i be 83/v + ((-112)/(-36))/(-14). What is the highest common factor of 1 and i?
1
Let g = 42 - 20. Suppose 4*n + 182 = a - 2*a, -5*a = -n - 35. Let v be 30/n*(-3)/1. What is the greatest common factor of v and g?
2
Let d = 4279 + -3993. Calculate the greatest common divisor of 910 and d.
26
Let g be 7 + 1 + -5 - 1. Suppose d - 5*l - 4 + 12 = 0, -3*d - 2*l + 44 = 0. Suppose -g*q + 4 = -d. What is the greatest common factor of q and 24?
8
Let x be -2*2 + 5 + 258. Let j = 169 - x. Let y = j - -112. Calculate the highest common divisor of y and 154.
22
Let t(r) = 9*r + 75. Let g(x) = -x + 2. Let u(p) = 14*g(p) - 2*t(p). Let a be u(-7). What is the greatest common divisor of 6 and a?
6
Let c = -4290 + 4347. What is the greatest common divisor of 3363 and c?
57
Let i be ((-9)/(-6))/(6/8). Suppose -2*o - z = 193, -i*z - z - 183 = 2*o. Let m = o + 183. What is the greatest common factor of 12 and m?
12
Suppose -2*w = -c - 34, 8*c = 3*c - 20. Let i be -1*28/(-21)*-3. Let g be (2 - 44/12)/(i/36). Calculate the highest common divisor of g and w.
15
Suppose -2*r - 4*p = -7666, 2*r + 259*p = 256*p + 7657. What is the highest common divisor of r and 665?
35
Let z = -15149 - -15182. Calculate the highest common divisor of 21351 and z.
33
Suppose 0 = 4*c - 0*n + 5*n - 90, c = 5*n + 60. What is the greatest common divisor of 2210 and c?
10
Let p be ((-58)/4)/((-19)/38). Suppose -89 = -3*v - p. Calculate the highest common factor of 6 and v.
2
Let j(v) = 80*v**3 - 6 + 7*v**3 + 5*v + 2. Let q be j(1). Suppose 0 = f + 5*l - 245, 2*f + 2*l - 670 = -f. What is the greatest common divisor of f and q?
44
Let f = -13 + 18. Let p be 3/f + (-609)/(-35). What is the highest common divisor of p and 30?
6
Suppose 0 = 77*m - 17*m + 70*m - 11440. What is the greatest common divisor of m and 2178?
22
Let n(a) = -a**3 - a**2 - a + 62. Let u be n(0). Let l = -126587 + 127021. What is the highest common factor of u and l?
62
Suppose 3*b + 2*d = -d + 207, 2*b + 4*d - 132 = 0. Let m(w) = w**2 - 70*w + 1056. Let h be m(21). Calculate the highest common divisor of b and h.
9
Let y be (-2 + -4)/(9/(-6)). Suppose y*z - 8 = -0. Suppose w + z*w + 5*r - 75 = 0, 2*w - 75 = 5*r. Calculate the greatest common divisor of 15 and w.
15
Let x(o) = o**3 - 3*o**2 - 3*o + 3240. Let h be x(0). Calculate the greatest common factor of 40 and h.
40
Let m be (-84 - 0)*(-34)/8. Let f be ((-2)/(-2) + -31)*m/(-119). Calculate the greatest common divisor of 36 and f.
18
Let b(r) = 187*r + 46. Let u be b(-2). Let n = 615 + u. Calculate the highest common divisor of 7 and n.
7
Let g = -306441 + 307831. Let o = 1 + 9. What is the greatest common divisor of g and o?
10
Let j = 417 + -270. Suppose g = -5*u - 40 + j, 3*u = 3. Let h = g - 62. What is the greatest common divisor of h and 60?
20
Let g = 184 - 129. Let i be (270/50 - -5) + (-4)/(40/(-6)). Calculate the greatest common divisor of g and i.
11
Let m be ((-10420)/(-320)*-4)/((-1)/120). What is the greatest common factor of 30 and m?
30
Let r be 6 + 0 + 1 + 1. Let h = 7 + r. Suppose -4*q + 5*p = -125, 4*q - 994*p - 112 = -990*p. Calculate the highest common divisor of h and q.
15
Suppose -759 = -5*j + 4*d, 2*j = 6*j - 5*d - 600. Let n = 3 - -90. Calculate the greatest common divisor of n and j.
31
Let a be (-608)/(-18) + (-14)/(-63) - 16/(-16). Calculate the highest common divisor of 2135 and a.
35
Let j = 10 - 2. Let l(d) = d + 4. Let h be l(3). Let s be (6 + 0 - h)*-72. Calculate the highest common divisor of j and s.
8
Let w = 8318 + -8030. Calculate the greatest common factor of 120 and w.
24
Let l(a) = -15*a + 110. Let v be l(7). Suppose -3*h - 162 = -v*b, 2*b = -b + h + 98. Calculate the highest common divisor of 154 and b.
11
Suppose 5241 = -4*h + 19633. What is the highest common divisor of 56 and h?
14
Suppose 3*h + 15*s = 8*s + 25078, h - 8342 = 2*s. Calculate the greatest common factor of h and 50.
50
Suppose -16*q = -9*q - 126. Suppose 3*r + 5*z - 13 = 0, -2*z + 1 = 3. Suppose 9*t = r*t + 378. Calculate the highest common divisor of q and t.
18
Let i be -2*(9 - 4)*46/(-5). Suppose -6*d - i = -284. What is the greatest common factor of d and 64?
32
Let r(d) = d**3 + 59*d**2 + 64*d + 316. Let s be r(-56). Calculate the greatest common divisor of s and 60.
20
Let l be (-269)/(-3) - (-8)/6. Suppose 4*q - 15 = -2*n - 3, 4*n = -3*q + 29. Let r be 16 + (n/(-12))/((-2)/(-9)). What is the highest common factor of l and r?
13
Suppose 3*h - 33 = 3*u, h - 3*u + 6*u - 3 = 0. Suppose 70 = 10*s - 1190. What is the highest common divisor of h and s?
9
Let y be 33/297 + (-89224)/(-18). Suppose -15*s + y = -3818. What is the greatest common divisor of 45 and s?
45
Suppose -39 + 3 = -4*a. Let s be (4 - (2 - (-254)/2)) + -4. Let u = 138 + s. What is the greatest common divisor of u and a?
9
Suppose 25*n = -569 + 17069. What is the highest common factor of n and 100?
20
Suppose 0 = 4*t - y - 282, t - 138 = -t - y. Let j be (4 - 2)/((-8)/(-60)). Let k be 2/(-10) - (-153)/j. What is the greatest common divisor of k and t?
10
Let d(b) = 137*b + 2218. Let m be d(-16). Calculate the greatest common divisor of 22 and m.
2
Let a(i) = 72*i - 1651. Let m be a(26). What is the highest common divisor of 17 and m?
17
Let o(j) = -j**3 - 14*j**2 - 13*j + 3. Let l be o(-13). Suppose 0 - l = v. Let s be (-2)/9*-3 + (-673)/v. What is the highest common factor of s and 25?
25
Suppose 12*x = 7*x + 510. Let d = x + -98. What is the highest common divisor of d and 6?
2
Let q(w) = -w**3 - 54*w**2 + 415*w + 67. Let l be q(-61). What is the highest common factor of l and 272?
17
Let d(z) = -z**2 + 33*z - 19. Let w be d(29). Calculate the greatest common divisor of 2425 and w.
97
Let n = -3699 + 3737. What is the highest common factor of 202 and n?
2
Let w = 314 - 315. Let v be 51 - (-3 + w + -2 + 4). What is the highest common divisor of 583 and v?
53
Let x(w) be the second derivative of -2*w**5/5 - 3*w**4/4 - 2*w**3 - 5*w**2 + 36*w + 1. Let f be x(-4). What is the greatest common divisor of 14 and f?
14
Let k = -402 - -241. Let n = k + 245. Calculate the highest common divisor of n and 8.
4
Let k be ((-12)/6 + 9)*(-2)/(-7). Let f(c) = -12*c - 37. Let n be f(-6). What is the highest common divisor of k and n?
1
Suppose 5*l - 2*l - 3 = 4*j, -4*j - 13 = -5*l. Suppose -l*m + 94 = -2*p, -6 = 5*p - 21. Calculate the highest common divisor of 4 and m.
4
Let c(z) = -z**3 + 9*z**2 + 14*z - 16. Suppose -j = 10*j - 88. Let h be c(j). Calculate the highest common divisor of 5 and h.
5
Let u be (-4)/(-16) + 19/4. Let x(l) = -4*l + 22. Let g be x(u). Let f be ((-6)/g)/((-11)/(2816/6)). What is the highest common divisor of 8 and f?
8
Let z be 1 + 1799/4 - 318/(-1272). Calculate the highest common divisor of 205 and z.
41
Let o be (-209)/(-1) - (0 - 1). Let p = -299944 + 300004. Calculate the highest common factor of p and o.
30
Let s(x) = -87*x + 4317. Let j be s(35). What is the highest common factor of j and 144?
24
Suppose -2*o = -3*z + 640, 9*o = 5*z + 7*o - 1060. What is the greatest common factor of z and 1770?
30
Suppose 392 = 5*h + 3*s, -h + 2*h + 2*s - 84 = 0. Let b = 101 - h. Calculate the greatest common factor of 325 and b.
25
Let r = 5106 + -4938. What is the greatest common divisor of 1392 and r?
24
Let c(w) = 48*w - 59. Let y be c(1). Let x = y - -156. What is the highest common divisor of x and 20?
5
Let a = -146 - -149. Suppose 0 = f + 5*l - 65, 4*l + 3 = a*f - 97. Suppose 60 + f = 5*u. What is the highest common divisor of u